{"id":35,"date":"2019-09-05T08:52:54","date_gmt":"2019-09-05T08:52:54","guid":{"rendered":"https:\/\/dgej.hab.de\/?page_id=35"},"modified":"2026-03-11T12:48:09","modified_gmt":"2026-03-11T12:48:09","slug":"die-deutsche-gesellschaft-fuer-die-erforschung-des-18-jahrhunderts","status":"publish","type":"page","link":"https:\/\/dgej.hab.de\/","title":{"rendered":"Startseite"},"content":{"rendered":"\n<h2>Die Deutsche Gesellschaft f\u00fcr die Erforschung des 18. Jahrhunderts<\/h2>\n\n\n\n<hr class=\"wp-block-separator\"\/>\n\n\n\n<p><\/p>\n\n\n\n<div class=\"wp-block-image\"><figure class=\"aligncenter size-large is-resized\"><img loading=\"lazy\" src=\"https:\/\/dgej.hab.de\/wp-content\/uploads\/2025\/09\/Jubliaeum-1-1024x1024.jpg\" alt=\"\" class=\"wp-image-2249\" width=\"512\" height=\"512\" srcset=\"https:\/\/dgej.hab.de\/wp-content\/uploads\/2025\/09\/Jubliaeum-1-1024x1024.jpg 1024w, https:\/\/dgej.hab.de\/wp-content\/uploads\/2025\/09\/Jubliaeum-1-300x300.jpg 300w, https:\/\/dgej.hab.de\/wp-content\/uploads\/2025\/09\/Jubliaeum-1-150x150.jpg 150w, https:\/\/dgej.hab.de\/wp-content\/uploads\/2025\/09\/Jubliaeum-1-768x768.jpg 768w, https:\/\/dgej.hab.de\/wp-content\/uploads\/2025\/09\/Jubliaeum-1-1536x1536.jpg 1536w, https:\/\/dgej.hab.de\/wp-content\/uploads\/2025\/09\/Jubliaeum-1-2048x2048.jpg 2048w, https:\/\/dgej.hab.de\/wp-content\/uploads\/2025\/09\/Jubliaeum-1-800x800.jpg 800w\" sizes=\"(max-width: 512px) 100vw, 512px\" \/><\/figure><\/div>\n\n\n\n<h2 class=\"has-text-align-left\"><strong>50 Jahre DGEJ<\/strong>!<\/h2>\n\n\n\n<p>Vor 50 Jahren wurde die Deutsche Gesellschaft f\u00fcr die Erforschung des 18. Jahrhunderts in Wolfenb\u00fcttel gegr\u00fcndet. Mit rund 700 Mitgliedern ist die DGEJ heute einer der gr\u00f6\u00dften und aktivsten Zusammenschl\u00fcsse dieser Art. Mit Veranstaltungen, Publikationen und der F\u00f6rderung des wissenschaftlichen Austauschs hat die DGEJ die deutsche und internationale Forschungslandschaft entscheidend mitgestaltet.<\/p>\n\n\n\n<p>Dieses besondere Jubil\u00e4um haben wir  in einem Festakt am <strong>Freitag, 19. September 2025, um 18.00 Uhr in der Zeughaushalle der Herzog August Bibliothek Wolfenb\u00fcttel<\/strong> gefeiert. <\/p>\n\n\n\n<p>Im Rahmen der Feierlichkeiten wurde erstmals der Dissertationspreis der DGEJ verliehen.<br>Aus Anlass des Jubil\u00e4ums ist der Essayband \u00bbRessourcen der Aufkl\u00e4rung\u00ab im Wallstein Verlag erschienen. <\/p>\n\n\n\n<p style=\"font-size:14px\"><\/p>\n\n\n\n<hr class=\"wp-block-separator\"\/>\n\n\n\n<p><span class=\"dropcap\">D<\/span>ie Deutsche Gesellschaft f\u00fcr die Erforschung des 18. Jahrhunderts ist ein Zusammenschluss von zirka 700 Wissenschaftlerinnen und Wissenschaftlern sowie wissenschaftlichen Institutionen in Deutschland und im Ausland. Die Erforschung der f\u00fcr das 18. Jahrhundert relevanten Themenkomplexe ist ihre zentrale Aufgabe. In Zusammenarbeit mit der&nbsp;<a href=\"http:\/\/www.hab.de\" target=\"_blank\" rel=\"noreferrer noopener\" aria-label=\"Herzog August Bibliothek (\u00f6ffnet in neuem Tab)\">Herzog August Bibliothek<\/a>&nbsp;widmet sich die Gesellschaft Fragen wirkungs-, rezeptions- und ideengeschichtlicher&nbsp;Kontinuit\u00e4t und Diskontinuit\u00e4ten seit der Fr\u00fchen Neuzeit in den hierf\u00fcr bedeutsamen Disziplinen. <\/p>\n\n\n\n<div id=\"frontpage-boxes\" class=\"tv-row\"><!-- Frontpage Box 1 --><div class=\"tv-col-md-12 fbox-1\" style=\"-ms-flex: 0 0 100%;\n    flex: 0 0 50%;\n    max-width: 100%;\"><a href=\"https:\/\/dgej.hab.de\/index.php\/aktuelles\/\"><i class=\"fa fa-clock-o\"><\/i><h2>Aktuelles<\/h2><p>Nachrichten\/Information und Termine von der DGEJ<\/h2><\/a><\/div>\n<!-- End Frontpage Box 1 -->\n<!-- Frontpage Box 2 --><div class=\"tv-col-md-12 fbox-2\" style=\"-ms-flex: 0 0 100%;\n    flex: 0 0 50%;\n    max-width: 100%;\"><a href=\"https:\/\/dgej.hab.de\/index.php\/veranstaltungen\/\" rel=\"noopener noreferrer\"><i class=\"fa fa-calendar\"><\/i><h2>Veranstaltungen<\/h2><p>Begegnungen und wissenschaftlicher Austausch<\/h2><\/a><\/div>\n<div class=\"tv-col-md-12 fbox-2\" style=\"-ms-flex: 0 0 100%;\n    flex: 0 0 50%;\n    max-width: 100%;\"><a href=\"https:\/\/dgej.hab.de\/index.php\/publikationen\/\"><i class=\"fa fa-book\"><\/i><h2>Publikationen<\/h2><p>Aktuelles Verzeichnis unserer Publikationen<\/h2><\/a><\/div>\n<div class=\"tv-col-md-12 fbox-2\" style=\"-ms-flex: 0 0 100%;\n    flex: 0 0 50%;\n    max-width: 100%;\"><a href=\"https:\/\/dgej.hab.de\/index.php\/mitgliedschaft-in-der-dgej\" rel=\"noopener noreferrer\"><i class=\"fa fa-address-book\"><\/i><h2>Werden Sie Mitglied<\/h2><p>Unterst\u00fctzen Sie unsere Arbeit durch eine Mitgliedschaft<\/h2><\/a><\/div>\n<\/div>\n\n\n\n<p><\/p>\n\n\n\n<p>Die ISECS hat durch Ihre Vorsitzende ihre Unterst\u00fctzung f\u00fcr die Ukraine zum Ausdruck gebracht. Die DGEJ schlie\u00dft sich ihrem Statement an:<\/p>\n\n\n\n<blockquote class=\"wp-block-quote\"><p><em>As President of the International Society for Eighteenth-Century Studies, on behalf of all our members, I express our total support for the people of Ukraine, its Universities, our Ukrainian colleagues who join us in eighteenth-century studies, and all Ukrainian-born colleagues and students everywhere, in their just resistance to armed invasion. Signed: Penelope J. Corfield.<\/em><br><br><em>\u00c0 titre de Pr\u00e9sidente de la Soci\u00e9t\u00e9 internationale d&#8217;\u00e9tude du dix-huiti\u00e8me si\u00e8cle, et au nom de tous nos membres, j&#8217;exprime notre soutien inconditionnel au peuple de l&#8217;Ukraine, \u00e0 ses universit\u00e9s, \u00e0 nos coll\u00e8gues de la soci\u00e9t\u00e9 ukrainienne d\u2019\u00e9tude du dix-huiti\u00e8me si\u00e8cle, et \u00e0 tous nos coll\u00e8gues et \u00e9tudiants d&#8217;origine ukrainienne \u00e0 travers le monde, dans leur juste r\u00e9sistance face \u00e0 l&#8217;invasion arm\u00e9e. Sign\u00e9, Penelope J. Corfield.<\/em><br><\/p><cite>Meldung der ISECS: <a href=\"https:\/\/oraprdnt.uqtr.uquebec.ca\/pls\/public\/gscw031?owa_no_site=304\">https:\/\/oraprdnt.uqtr.uquebec.ca\/pls\/public\/gscw031?owa_no_site=304<\/a><\/cite><\/blockquote>\n","protected":false},"excerpt":{"rendered":"<p>Die Deutsche Gesellschaft f\u00fcr die Erforschung des 18. Jahrhunderts 50 Jahre DGEJ! Vor 50 Jahren wurde die Deutsche Gesellschaft f\u00fcr die Erforschung des 18. Jahrhunderts in Wolfenb\u00fcttel gegr\u00fcndet. Mit rund 700 Mitgliedern ist die DGEJ heute einer der gr\u00f6\u00dften und aktivsten Zusammenschl\u00fcsse dieser Art. Mit Veranstaltungen, Publikationen und der F\u00f6rderung des wissenschaftlichen Austauschs hat die DGEJ die deutsche und internationale<\/p>\n<p><a class=\"more-link\" href=\"https:\/\/dgej.hab.de\/\">Weiterlesen<\/a><\/p>\n","protected":false},"author":1,"featured_media":0,"parent":0,"menu_order":0,"comment_status":"closed","ping_status":"closed","template":"","meta":[],"_links":{"self":[{"href":"https:\/\/dgej.hab.de\/index.php\/wp-json\/wp\/v2\/pages\/35"}],"collection":[{"href":"https:\/\/dgej.hab.de\/index.php\/wp-json\/wp\/v2\/pages"}],"about":[{"href":"https:\/\/dgej.hab.de\/index.php\/wp-json\/wp\/v2\/types\/page"}],"author":[{"embeddable":true,"href":"https:\/\/dgej.hab.de\/index.php\/wp-json\/wp\/v2\/users\/1"}],"replies":[{"embeddable":true,"href":"https:\/\/dgej.hab.de\/index.php\/wp-json\/wp\/v2\/comments?post=35"}],"version-history":[{"count":83,"href":"https:\/\/dgej.hab.de\/index.php\/wp-json\/wp\/v2\/pages\/35\/revisions"}],"predecessor-version":[{"id":2321,"href":"https:\/\/dgej.hab.de\/index.php\/wp-json\/wp\/v2\/pages\/35\/revisions\/2321"}],"wp:attachment":[{"href":"https:\/\/dgej.hab.de\/index.php\/wp-json\/wp\/v2\/media?parent=35"}],"curies":[{"name":"wp","href":"https:\/\/api.w.org\/{rel}","templated":true}]}}

<h2>Die Deutsche Gesellschaft für die Erforschung des 18. Jahrhunderts</h2>



<hr class="wp-block-separator"/>



<p></p>



<div class="wp-block-image"><figure class="aligncenter size-large is-resized"><img loading="lazy" src="https://dgej.hab.de/wp-content/uploads/2025/09/Jubliaeum-1-1024x1024.jpg" alt="" class="wp-image-2249" width="512" height="512" srcset="https://dgej.hab.de/wp-content/uploads/2025/09/Jubliaeum-1-1024x1024.jpg 1024w, https://dgej.hab.de/wp-content/uploads/2025/09/Jubliaeum-1-300x300.jpg 300w, https://dgej.hab.de/wp-content/uploads/2025/09/Jubliaeum-1-150x150.jpg 150w, https://dgej.hab.de/wp-content/uploads/2025/09/Jubliaeum-1-768x768.jpg 768w, https://dgej.hab.de/wp-content/uploads/2025/09/Jubliaeum-1-1536x1536.jpg 1536w, https://dgej.hab.de/wp-content/uploads/2025/09/Jubliaeum-1-2048x2048.jpg 2048w, https://dgej.hab.de/wp-content/uploads/2025/09/Jubliaeum-1-800x800.jpg 800w" sizes="(max-width: 512px) 100vw, 512px" /></figure></div>



<h2 class="has-text-align-left"><strong>50 Jahre DGEJ</strong>!</h2>



<p>Vor 50 Jahren wurde die Deutsche Gesellschaft für die Erforschung des 18. Jahrhunderts in Wolfenbüttel gegründet. Mit rund 700 Mitgliedern ist die DGEJ heute einer der größten und aktivsten Zusammenschlüsse dieser Art. Mit Veranstaltungen, Publikationen und der Förderung des wissenschaftlichen Austauschs hat die DGEJ die deutsche und internationale Forschungslandschaft entscheidend mitgestaltet.</p>



<p>Dieses besondere Jubiläum haben wir  in einem Festakt am <strong>Freitag, 19. September 2025, um 18.00 Uhr in der Zeughaushalle der Herzog August Bibliothek Wolfenbüttel</strong> gefeiert. </p>



<p>Im Rahmen der Feierlichkeiten wurde erstmals der Dissertationspreis der DGEJ verliehen.<br>Aus Anlass des Jubiläums ist der Essayband »Ressourcen der Aufklärung« im Wallstein Verlag erschienen. </p>



<p style="font-size:14px"></p>



<hr class="wp-block-separator"/>



<p><span class="dropcap">D</span>ie Deutsche Gesellschaft für die Erforschung des 18. Jahrhunderts ist ein Zusammenschluss von zirka 700 Wissenschaftlerinnen und Wissenschaftlern sowie wissenschaftlichen Institutionen in Deutschland und im Ausland. Die Erforschung der für das 18. Jahrhundert relevanten Themenkomplexe ist ihre zentrale Aufgabe. In Zusammenarbeit mit der&nbsp;<a href="http://www.hab.de" target="_blank" rel="noreferrer noopener" aria-label="Herzog August Bibliothek (öffnet in neuem Tab)">Herzog August Bibliothek</a>&nbsp;widmet sich die Gesellschaft Fragen wirkungs-, rezeptions- und ideengeschichtlicher&nbsp;Kontinuität und Diskontinuitäten seit der Frühen Neuzeit in den hierfür bedeutsamen Disziplinen. </p>



<div id="frontpage-boxes" class="tv-row"><!-- Frontpage Box 1 --><div class="tv-col-md-12 fbox-1" style="-ms-flex: 0 0 100%;
    flex: 0 0 50%;
    max-width: 100%;"><a href="https://dgej.hab.de/index.php/aktuelles/"><i class="fa fa-clock-o"></i><h2>Aktuelles</h2><p>Nachrichten/Information und Termine von der DGEJ</h2></a></div>
<!-- End Frontpage Box 1 -->
<!-- Frontpage Box 2 --><div class="tv-col-md-12 fbox-2" style="-ms-flex: 0 0 100%;
    flex: 0 0 50%;
    max-width: 100%;"><a href="https://dgej.hab.de/index.php/veranstaltungen/" rel="noopener noreferrer"><i class="fa fa-calendar"></i><h2>Veranstaltungen</h2><p>Begegnungen und wissenschaftlicher Austausch</h2></a></div>
<div class="tv-col-md-12 fbox-2" style="-ms-flex: 0 0 100%;
    flex: 0 0 50%;
    max-width: 100%;"><a href="https://dgej.hab.de/index.php/publikationen/"><i class="fa fa-book"></i><h2>Publikationen</h2><p>Aktuelles Verzeichnis unserer Publikationen</h2></a></div>
<div class="tv-col-md-12 fbox-2" style="-ms-flex: 0 0 100%;
    flex: 0 0 50%;
    max-width: 100%;"><a href="https://dgej.hab.de/index.php/mitgliedschaft-in-der-dgej" rel="noopener noreferrer"><i class="fa fa-address-book"></i><h2>Werden Sie Mitglied</h2><p>Unterstützen Sie unsere Arbeit durch eine Mitgliedschaft</h2></a></div>
</div>



<p></p>



<p>Die ISECS hat durch Ihre Vorsitzende ihre Unterstützung für die Ukraine zum Ausdruck gebracht. Die DGEJ schließt sich ihrem Statement an:</p>



<blockquote class="wp-block-quote"><p><em>As President of the International Society for Eighteenth-Century Studies, on behalf of all our members, I express our total support for the people of Ukraine, its Universities, our Ukrainian colleagues who join us in eighteenth-century studies, and all Ukrainian-born colleagues and students everywhere, in their just resistance to armed invasion. Signed: Penelope J. Corfield.</em><br><br><em>À titre de Présidente de la Société internationale d&#8217;étude du dix-huitième siècle, et au nom de tous nos membres, j&#8217;exprime notre soutien inconditionnel au peuple de l&#8217;Ukraine, à ses universités, à nos collègues de la société ukrainienne d’étude du dix-huitième siècle, et à tous nos collègues et étudiants d&#8217;origine ukrainienne à travers le monde, dans leur juste résistance face à l&#8217;invasion armée. Signé, Penelope J. Corfield.</em><br></p><cite>Meldung der ISECS: <a href="https://oraprdnt.uqtr.uquebec.ca/pls/public/gscw031?owa_no_site=304">https://oraprdnt.uqtr.uquebec.ca/pls/public/gscw031?owa_no_site=304</a></cite></blockquote>

<p>Die Deutsche Gesellschaft für die Erforschung des 18. Jahrhunderts 50 Jahre DGEJ! Vor 50 Jahren wurde die Deutsche Gesellschaft für die Erforschung des 18. Jahrhunderts in Wolfenbüttel gegründet. Mit rund 700 Mitgliedern ist die DGEJ heute einer der größten und aktivsten Zusammenschlüsse dieser Art. Mit Veranstaltungen, Publikationen und der Förderung des wissenschaftlichen Austauschs hat die DGEJ die deutsche und internationale</p>
<p><a class="more-link" href="https://dgej.hab.de/">Weiterlesen</a></p>
