{"id":149,"date":"2019-09-09T07:55:54","date_gmt":"2019-09-09T07:55:54","guid":{"rendered":"https:\/\/dgej.hab.de\/?page_id=149"},"modified":"2025-06-12T08:33:36","modified_gmt":"2025-06-12T08:33:36","slug":"vorstand-der-dgej","status":"publish","type":"page","link":"https:\/\/dgej.hab.de\/index.php\/vorstand-der-dgej\/","title":{"rendered":"Vorstand der DGEJ"},"content":{"rendered":"<div class=\"entry-content\">\n<p>Neuwahl am 16. September 2024 in Stuttgart<\/p>\n<p>Pr\u00e4sidentin:<br \/><a href=\"https:\/\/www.zfb.uni-muenchen.de\/personen\/zentrum\/haug\/index.html\">Prof. Dr. Christine Haug<\/a><br \/>(LMU M\u00fcnchen, Zentrum f\u00fcr Buchwissenschaft)<\/p>\n<p>Vizepr\u00e4sidentin:<br \/><a href=\"https:\/\/www.gkr.uni-leipzig.de\/personenprofil\/mitarbeiter\/prof-dr-julia-schmidt-funke\" target=\"_new\" rel=\"noopener noreferrer\">Prof. Dr. Julia Schmidt-Funke<\/a><br \/>(Universit\u00e4t Leipzig, Geschichte der Fr\u00fchen Neuzeit)<\/p>\n<p>Schatzmeister:<br \/><a href=\"https:\/\/www.linkedin.com\/in\/dominik-huenniger-86000b4\/\">Dr. Dominik H\u00fcnniger<\/a><br \/>(Deutsches Hafenmuseum, Hamburg)<\/p>\n<p>Schriftf\u00fchrerin:<br \/><a href=\"https:\/\/www.cas.lmu.de\/de\/personen-am-cas\/details\/annette-meyer-d48e81c1.html\" target=\"_new\" rel=\"noopener noreferrer\">Dr. Annette Meyer<\/a><br \/>(LMU M\u00fcnchen, Center for Advanced Studies)<\/p>\n<p>Beisitzerinnen:<br \/><a href=\"https:\/\/www.germanistik.uni-halle.de\/neuere_literaturwissenschaft\/decultot\/kittelmann\/\">PD Dr. Jana Kittelmann<\/a><br \/>(Kulturstiftung Dessau-W\u00f6rlitz; Universit\u00e4t Halle-Wittenberg, Germanistisches Institut)<br \/><a href=\"https:\/\/tcdh.uni-trier.de\/de\/person\/dr-joelle-weis\">Dr. Jo\u00eblle Weis<\/a><br \/>(Universit\u00e4t Trier, Center for Digital Humanities )<\/p>\n<\/div>\n\n","protected":false},"excerpt":{"rendered":"<p>Neuwahl am 16. September 2024 in Stuttgart Pr\u00e4sidentin:Prof. Dr. Christine Haug(LMU M\u00fcnchen, Zentrum f\u00fcr Buchwissenschaft) Vizepr\u00e4sidentin:Prof. Dr. Julia Schmidt-Funke(Universit\u00e4t Leipzig, Geschichte der Fr\u00fchen Neuzeit) Schatzmeister:Dr. Dominik H\u00fcnniger(Deutsches Hafenmuseum, Hamburg) Schriftf\u00fchrerin:Dr. Annette Meyer(LMU M\u00fcnchen, Center for Advanced Studies) Beisitzerinnen:PD Dr. Jana Kittelmann(Kulturstiftung Dessau-W\u00f6rlitz; Universit\u00e4t Halle-Wittenberg, Germanistisches Institut)Dr. Jo\u00eblle Weis(Universit\u00e4t Trier, Center for Digital Humanities )<\/p>\n","protected":false},"author":1,"featured_media":0,"parent":0,"menu_order":0,"comment_status":"closed","ping_status":"closed","template":"","meta":[],"_links":{"self":[{"href":"https:\/\/dgej.hab.de\/index.php\/wp-json\/wp\/v2\/pages\/149"}],"collection":[{"href":"https:\/\/dgej.hab.de\/index.php\/wp-json\/wp\/v2\/pages"}],"about":[{"href":"https:\/\/dgej.hab.de\/index.php\/wp-json\/wp\/v2\/types\/page"}],"author":[{"embeddable":true,"href":"https:\/\/dgej.hab.de\/index.php\/wp-json\/wp\/v2\/users\/1"}],"replies":[{"embeddable":true,"href":"https:\/\/dgej.hab.de\/index.php\/wp-json\/wp\/v2\/comments?post=149"}],"version-history":[{"count":28,"href":"https:\/\/dgej.hab.de\/index.php\/wp-json\/wp\/v2\/pages\/149\/revisions"}],"predecessor-version":[{"id":2217,"href":"https:\/\/dgej.hab.de\/index.php\/wp-json\/wp\/v2\/pages\/149\/revisions\/2217"}],"wp:attachment":[{"href":"https:\/\/dgej.hab.de\/index.php\/wp-json\/wp\/v2\/media?parent=149"}],"curies":[{"name":"wp","href":"https:\/\/api.w.org\/{rel}","templated":true}]}}